 Let z = -14 + w. List the prime factors of z.
3
Let y be -1 + (-2)/2 + 20. Let q be 135/y*(-4)/(-6). Suppose 2*t - 4*t + 10 = 5*c, 0 = -q*t - c + 25. List the prime factors of t.
5
Let t = -14 + 56. List the prime factors of (-6)/t + (-1135)/(-7).
2, 3
Let r(z) = -z**2 + 2*z + 6. Let n be r(-4). Let t be 6/n*(2 + -2). Suppose t = 6*b - 70 - 134. List the prime factors of b.
2, 17
Let p be (-3)/7 + (-266)/(-49). Suppose 0 = 2*c - 3*m - 53, -2*m + p = c - 4. List the prime factors of c.
19
Let l = 9 + 16. Let o(f) = -2*f**2 + 5*f + 3. Let k be o(4). Let b = k + l. What are the prime factors of b?
2
Let s(i) = -2*i - 1. Let a be (-18)/(-63) + 16/(-7). Let g be s(a). Suppose -p + g*t + 55 = -0*p, -4*p + 5*t + 199 = 0. List the prime factors of p.
2, 23
Suppose 5*s - 13037 = 2*z, 5230 = -5*s + 7*s + 3*z. What are the prime factors of s?
2609
What are the prime factors of -4689*(-7)/21 + -7?
2, 389
Suppose 18*r = 7*r + 2189. What are the prime factors of r?
199
Let b(z) = z + 1. Let d(y) = 75*y - 4. Let s(c) = -3*b(c) - d(c). List the prime factors of s(-1).
79
Suppose 4*m - 361 = 439. Suppose 14*a - 16*a = -m. List the prime factors of a.
2, 5
Let a(i) = 9*i**2 - 16*i + 23. What are the prime factors of a(10)?
7, 109
Suppose 7769*u + 11508 = 7776*u. What are the prime factors of u?
2, 3, 137
Let l be ((-12)/10)/((-11)/((-220)/(-8))). Suppose -q + 64 = -0*d - 3*d, -4*q + 274 = -l*d. List the prime factors of q.
2, 5, 7
Suppose 5*r + 13 = m, r - 10 = -0*r - 4*m. Let p be 2535/26 + (-1)/r. Suppose 82 + p = 3*u. What are the prime factors of u?
2, 3, 5
Let l be 0 - ((-150)/2)/5. Let w(t) = -3*t - 3. Let c be w(-4). Let p = l - c. List the prime factors of p.
2, 3
Let p = 39 + -34. Suppose 4*h = -5*c + c + 324, -4*c - p*h + 325 = 0. List the prime factors of c.
2, 5
Let k(v) be the second derivative of 11*v**3/3 + 15*v**2/2 + 36*v. List the prime factors of k(11).
257
Let u(y) = y**3 - 9*y**2 + 30. Let t be u(12). Let v = -289 + t. What are the prime factors of v?
173
Let f = -418 + 457. List the prime factors of f.
3, 13
Let k(q) = -q + 17. Suppose 2 = 3*s - 4*s. Let x be s/6 - (-50)/6. List the prime factors of k(x).
3
Suppose 0 = 3*g + 4*j - 8, 0 = g - 7*j + 4*j + 6. Suppose l + g = 28. List the prime factors of (-2)/(-7) + 328/l.
2, 3
Let w(t) = -t**3 + 17*t**2 - 4*t - 28. What are the prime factors of w(12)?
2, 7, 23
List the prime factors of 5 + (2 - (-415 + 4/(-2))).
2, 53
What are the prime factors of 1133 + 14 + (1 + 3 - -1)?
2, 3
Let o(i) = -11*i**2 + 3*i + 4. Let w(d) = -4*d**2 + d. Let m be w(1). Let r be o(m). What are the prime factors of (r/(-12))/((-3)/(-9))?
2, 13
Suppose 0*r + 10 = 5*r. Suppose 0 = -4*s + 6*s + r, -4*s + 22 = p. What are the prime factors of p?
2, 13
Suppose -19 = a + 4*z, a - 4*z - 18 = 3*a. What are the prime factors of 63 + (a + -1)/(-1)?
3, 7
Let h = -163 + 269. Let j = h + -96. List the prime factors of j.
2, 5
Suppose 4*o - 16*o + 4896 = 0. List the prime factors of o.
2, 3, 17
Suppose -u = -2*s - 717, 7*u + 2184 = 10*u + 5*s. What are the prime factors of u?
3, 241
Suppose l + 3*p + 6 = 0, -p - 9 + 1 = l. What are the prime factors of 6/(-9) + (-1284)/l?
2, 71
Let m(u) = 2 - 4 - 15*u - 3. Suppose -3*v + 20 = -4*r - v, -10 = 2*r - 4*v. What are the prime factors of m(r)?
2, 5, 7
Let a be ((-24)/18)/(4/(-6)). Let g be a/(-15) + (-6)/(-45). Suppose -h = 2*d + 2*h - 62, 4*d - 4*h - 84 = g. What are the prime factors of d?
5
List the prime factors of (-3)/(-1) + 738 + (-9 - -13).
5, 149
Suppose -802 - 920 = -7*w. List the prime factors of w.
2, 3, 41
Suppose -6*w = 5*w - 33. What are the prime factors of -15*(w + 55*1/(-3))?
2, 5, 23
Let n(i) = i. Let s(t) = -2*t - 16. Let p(v) = 5*n(v) + s(v). Suppose -5*d + 2*c + 47 = -0*c, -3*d - 4*c = -49. List the prime factors of p(d).
17
Let l = -31 + 35. Suppose -2*z = l*j - 8, 16 = 4*z - j - 9. What are the prime factors of z?
2, 3
Suppose -4*z - 4 = 0, 0 = 7*h - 10*z + 8*z - 35660. What are the prime factors of h?
2, 3, 283
Let d(q) = 54 + 2*q**2 - 7 + 5*q**2 - 6*q**2 + 2*q. List the prime factors of d(0).
47
Suppose 35*t = -19761 + 63581. What are the prime factors of t?
2, 313
Let v(z) = z**2 - 6*z - 8. Let t be v(8). Suppose 0 = -5*n + 5*u + 2 + t, 27 = -4*n - 3*u. Let y = n + 15. What are the prime factors of y?
2, 3
Let w be -6 - -4 - (-1 + 0)*754. Suppose -10*o + w = 6*o. List the prime factors of o.
47
Let z(h) = h**2 + 4*h - 6. Let f(n) = n**2 - 12*n + 11. Let p(g) = g**2 + 5*g - 4. Let b be p(-7). Let t be f(b). What are the prime factors of z(t)?
3, 13
Let z = 374 - 95. Suppose -2*k + z = 69. What are the prime factors of k?
3, 5, 7
Suppose -2*z = 2, 5*r = 5*z + 49 - 19. Suppose 2*u + 34 = 2*m, -m + 3*m + r*u + 1 = 0. Let s(d) = -d**2 + 14*d - 5. List the prime factors of s(m).
19
Suppose 23*r - 5359 = 3381. What are the prime factors of r?
2, 5, 19
Suppose -3*w - 252 = -5*w. Suppose -8*o = -5*o - w. What are the prime factors of ((-16)/(-24))/(4/o)?
7
Let f = -53 - -52. List the prime factors of (-3)/((9/186)/f).
2, 31
Suppose 0 = -3*h + 6*h + v - 17395, -2*v = 5*h - 28990. List the prime factors of h.
2, 5, 29
Let k = 1 - -17. Let c(f) = 2*f + 21. List the prime factors of c(k).
3, 19
Let j(v) = v**3 - 6*v**2 + v + 8. Let o(w) = -w**2 + 6. Let x be o(0). Let m be j(x). Let z = -8 + m. What are the prime factors of z?
2, 3
Suppose -3*d - 3*d = -30. Suppose 0 = f - 5*o - 15, -1 + d = o. What are the prime factors of f?
5, 7
Let z(w) = 3*w + 11. Let d be (5/(15/(-39)))/(-1). Let r be z(d). Suppose -2*b + 56 = -r. What are the prime factors of b?
53
Let q(d) be the third derivative of -119*d**4/24 + d**3/6 - 20*d**2. What are the prime factors of q(-1)?
2, 3, 5
Let u be (-2310)/(-24) + 1/(-4). Suppose 2*n - 5*n = 0, -3*s + 3*n = -u. What are the prime factors of s?
2
Let l be ((-294)/35)/((-3)/((-45)/2)). Let a = l - -202. What are the prime factors of a?
139
Let j(u) = -273*u - 68. What are the prime factors of j(-6)?
2, 5, 157
Suppose -2*l + 5334 = 5*k + 265, 0 = -3*k - 2*l + 3039. List the prime factors of k.
5, 7, 29
Let w(p) = 6*p + 34. What are the prime factors of w(30)?
2, 107
Let d(y) = -y**3 + 17*y**2 - y + 1. List the prime factors of d(16).
241
Suppose -403 = 2*v - v. Let u = 623 + v. List the prime factors of u/15*(-6)/(-4).
2, 11
Let u be (-9)/(-2)*(-1 + -1). Let j(b) = -b**3 - 3*b**2 + b - 2. Let k(v) = v**3 + 2*v**2 - 2*v + 3. Let r(y) = 7*j(y) + 6*k(y). List the prime factors of r(u).
7
What are the prime factors of 277 + -1 + -1 + 4 + -4?
5, 11
Let z = -11 + 15. What are the prime factors of (-12*(-10)/z)/1?
2, 3, 5
Let z = 429 + -112. What are the prime factors of z?
317
Let w = -482 - -207. Let y = -115 - w. Suppose 5*l + 60 = y. What are the prime factors of l?
2, 5
Suppose 0 = 5*u - 1644 + 684. Suppose -u = -6*j + 2*j. List the prime factors of j.
2, 3
Suppose 0 = -5*j - 0*j + 2580. Let t be (j/10)/((-4)/(-10)). Suppose 3*z - t = -6. What are the prime factors of z?
41
Suppose -t - 4*t = 2*d - 154, -2*t = -8. Let z = 177 - d. List the prime factors of z.
2, 5, 11
Let h(y) = -2*y**3 - 4*y**2 - 27*y + 5. List the prime factors of h(-11).
2, 5, 31
Suppose 0 = 4*b + 2*d - 70, 3*d = -4*b + 5*d + 66. Let u = -9 + b. Let c = u + 1. List the prime factors of c.
3
Suppose f - 2*p = 75, p + 211 = 2*f + 70. What are the prime factors of -1 + (-2)/((-2)/f)?
2, 17
Suppose -4*d + 2*a = -1074, 3*d + 5*a - 113 - 660 = 0. Suppose -5*s = -3*r + 218, -s + d = 5*r - 144. Suppose -2*q = q - r. What are the prime factors of q?
3
Suppose 0 = 5*j - 4*i - 7992, -4*i + 1622 = 2*j - 1586. What are the prime factors of j?
2, 5
Suppose -520 = -3*o + 302. What are the prime factors of o/3 + (-18)/54?
7, 13
Suppose -4*j + 15292 = 4*z, -4*j + 10*z + 15327 = 7*z. What are the prime factors of j?
2, 3, 11, 29
Suppose -4*i + r + 498 = 0, 2*i - 4*r = 4*i - 240. What are the prime factors of i?
2, 31
Suppose 0 = -u - 1, 5*s - 3*s + 2*u = 208. What are the prime factors of s?
3, 5, 7
Suppose 0 = 5*j + 3*g - 64, 0*j - 2*j + 3*g = -34. Let o(l) = -l**2 - 5 - 18 + 9 + 17*l. What are the prime factors of o(j)?
2, 7
Let c = -52 + -4. Let k = c + 99. List the prime factors of k.
43
What are the prime factors of (-1219)/(-11) + -7 + 474/66?
3, 37
Let u(d) = -5*d + 18. Suppose -5*v -